{"id":6,"date":"2023-03-23T11:44:37","date_gmt":"2023-03-23T11:44:37","guid":{"rendered":"https:\/\/uudet.uistelutoimikunta.fi\/?page_id=6"},"modified":"2025-10-27T14:08:47","modified_gmt":"2025-10-27T14:08:47","slug":"etusivu","status":"publish","type":"page","link":"https:\/\/uistelutoimikunta.fi\/","title":{"rendered":"Etusivu"},"content":{"rendered":"\n<p>Suomen Uistelutoimikunta &#8211; tuttavallisesti SUT &#8211; on eri puolilla Suomea toimivien vetouistelun cup kilpailuorganisaatioiden yhteenliittym\u00e4 ja katto-organisaatio. Sen p\u00e4\u00e4teht\u00e4v\u00e4n\u00e4 on organisoida vuosittain vetouistelun Suomen mestaruuskilpailun j\u00e4rjest\u00e4minen. <\/p>\n\n\n\n<p>Suomen Uistelutoimikunta perustettiin vuonna 1992 ja ensimm\u00e4inen nykymuotoinen SM-kilpailu j\u00e4rjestettiin heti seuraavana kes\u00e4n\u00e4 Pielisell\u00e4.<\/p>\n\n\n\n<p>Vetouistelun <strong>SM 2026<\/strong> kilpaillaan <strong>7.8. &#8211; 8.8.2026 Kyr\u00f6sj\u00e4rvell\u00e4. <\/strong><\/p>\n\n\n\n<p><strong>Vuoden 2027 SM kilpailut pidet\u00e4\u00e4n Imatralla. <\/strong><\/p>\n\n\n\n<p><em>Vetouistelun <strong>SM 202<\/strong><\/em>5&nbsp;kilpailtiin Pielisell\u00e4 1.-2.8.2025. Voiton vei henkil\u00f6kohtaisessa kilpailussa Jari Hurskainen. Joukkuekisan voitto Lowrance cup, Tomi Hentel\u00e4, Jani Huovinen ja Jari Hurskainen.  Kaikki tulokset n\u00e4ht\u00e4vill\u00e4 t\u00e4\u00e4lt\u00e4: <a href=\"https:\/\/www.etelasavonvapaa-ajankalastajapiiri.fi\/kilpailut\/tuloksia\/2025\/smveto25.html\">https:\/\/www.etelasavonvapaa-ajankalastajapiiri.fi\/kilpailut\/tuloksia\/2025\/smveto25.html<\/a><\/p>\n\n\n\n<div class=\"wp-block-buttons is-layout-flex wp-block-buttons-is-layout-flex\">\n<div class=\"wp-block-button\"><a class=\"wp-block-button__link wp-element-button\" href=\"https:\/\/uistelutoimikunta.fi\/wp-content\/uploads\/2025\/10\/SMkisoihinpaasseet2025.pdf\">SM kisoihin p\u00e4\u00e4sseet 2026<\/a><\/div>\n<\/div>\n\n\n\n<p>Alueellisten cup-kilpailusarjojen rinnalla toimii&nbsp;valtakunnallinen OPM-CUP jonka j\u00e4rjest\u00e4misen hoitaa SUT hallitus.<\/p>\n\n\n\n<p>Toivotamme kilpailijat, yhteisty\u00f6kumppanit ja yleis\u00f6n tervetulleiksi tulevan kes\u00e4n vetouistelutapahtumiin ymp\u00e4ri kaunista Suomea.<\/p>\n\n\n\n<p><a href=\"https:\/\/uistelutoimikunta.fi\/wp-content\/uploads\/2025\/10\/SMkisoihinpaasseet2025.pdf\">SM Paikat 2026<\/a><\/p>\n\n\n\n<p><\/p>\n\n\n\n<p><a href=\"https:\/\/uistelutoimikunta.fi\/wp-content\/uploads\/2025\/04\/PAIKAT-2025.pdf\"><strong>SM paikat 2025<\/strong><\/a><\/p>\n\n\n\n<p><\/p>\n\n\n\n<p><\/p>\n\n\n\n<p><a href=\"http:\/\/www.uistelutoimikunta.fi\/Vetouistelun_SM-kisojen_runkosaannot.pdf\" target=\"_blank\" rel=\"noreferrer noopener\">&#8211;&nbsp;<\/a><a href=\"https:\/\/uistelutoimikunta.fi\/wp-content\/uploads\/2025\/03\/Vetouistelun-SM-SAANNOT-2025.pdf\">Vetouistelun SM-kisojen runkos\u00e4\u00e4nn\u00f6t 2025 alkaen<\/a><br><a href=\"https:\/\/uistelutoimikunta.fi\/wp-content\/uploads\/2024\/07\/SUOMEN_UISTELUTOIMIKUNNAN_SAANNOT_2023_alkaen.pdf\" target=\"_blank\" rel=\"noreferrer noopener\">&#8211; Suomen uistelutoimikunnan s\u00e4\u00e4nn\u00f6t 2023 alkaen&nbsp;<\/a><br><a href=\"https:\/\/uistelutoimikunta.fi\/wp-content\/uploads\/2024\/07\/SM-kilpailuhakemus.doc\">&#8211; SM-Kilpailuhakemus<\/a><\/p>\n","protected":false},"excerpt":{"rendered":"<p>Suomen Uistelutoimikunta &#8211; tuttavallisesti SUT &#8211; on eri puolilla Suomea toimivien vetouistelun cup kilpailuorganisaatioiden yhteenliittym\u00e4 ja katto-organisaatio. Sen p\u00e4\u00e4teht\u00e4v\u00e4n\u00e4 on organisoida vuosittain vetouistelun Suomen mestaruuskilpailun j\u00e4rjest\u00e4minen. Suomen Uistelutoimikunta perustettiin vuonna &#8230;<\/p>\n","protected":false},"author":1,"featured_media":0,"parent":0,"menu_order":0,"comment_status":"closed","ping_status":"closed","template":"","meta":{"footnotes":""},"class_list":["post-6","page","type-page","status-publish","hentry"],"_links":{"self":[{"href":"https:\/\/uistelutoimikunta.fi\/index.php?rest_route=\/wp\/v2\/pages\/6","targetHints":{"allow":["GET"]}}],"collection":[{"href":"https:\/\/uistelutoimikunta.fi\/index.php?rest_route=\/wp\/v2\/pages"}],"about":[{"href":"https:\/\/uistelutoimikunta.fi\/index.php?rest_route=\/wp\/v2\/types\/page"}],"author":[{"embeddable":true,"href":"https:\/\/uistelutoimikunta.fi\/index.php?rest_route=\/wp\/v2\/users\/1"}],"replies":[{"embeddable":true,"href":"https:\/\/uistelutoimikunta.fi\/index.php?rest_route=%2Fwp%2Fv2%2Fcomments&post=6"}],"version-history":[{"count":16,"href":"https:\/\/uistelutoimikunta.fi\/index.php?rest_route=\/wp\/v2\/pages\/6\/revisions"}],"predecessor-version":[{"id":396,"href":"https:\/\/uistelutoimikunta.fi\/index.php?rest_route=\/wp\/v2\/pages\/6\/revisions\/396"}],"wp:attachment":[{"href":"https:\/\/uistelutoimikunta.fi\/index.php?rest_route=%2Fwp%2Fv2%2Fmedia&parent=6"}],"curies":[{"name":"wp","href":"https:\/\/api.w.org\/{rel}","templated":true}]}}